 is divided by 40.
39
What is the remainder when 100 is divided by 85?
15
What is the remainder when 78 is divided by 21?
15
Calculate the remainder when 18 is divided by 8.
2
What is the remainder when 165 is divided by 15?
0
Calculate the remainder when 698 is divided by 140.
138
Calculate the remainder when 386 is divided by 15.
11
Calculate the remainder when 1474 is divided by 123.
121
Calculate the remainder when 189 is divided by 25.
14
Calculate the remainder when 656 is divided by 201.
53
Calculate the remainder when 762 is divided by 34.
14
Calculate the remainder when 13804 is divided by 55.
54
What is the remainder when 4670 is divided by 933?
5
What is the remainder when 8006 is divided by 17?
16
Calculate the remainder when 523 is divided by 86.
7
Calculate the remainder when 595 is divided by 5.
0
Calculate the remainder when 96 is divided by 17.
11
What is the remainder when 255 is divided by 54?
39
What is the remainder when 89 is divided by 25?
14
Calculate the remainder when 1835 is divided by 11.
9
What is the remainder when 6202 is divided by 11?
9
Calculate the remainder when 54 is divided by 11.
10
Calculate the remainder when 20 is divided by 7.
6
What is the remainder when 2405 is divided by 56?
53
Calculate the remainder when 125 is divided by 14.
13
Calculate the remainder when 293 is divided by 6.
5
Calculate the remainder when 341 is divided by 4.
1
What is the remainder when 630 is divided by 92?
78
Calculate the remainder when 771 is divided by 263.
245
What is the remainder when 405 is divided by 34?
31
What is the remainder when 164 is divided by 47?
23
Calculate the remainder when 1398 is divided by 56.
54
What is the remainder when 186 is divided by 127?
59
What is the remainder when 463 is divided by 29?
28
What is the remainder when 835 is divided by 217?
184
Calculate the remainder when 4346 is divided by 87.
83
Calculate the remainder when 751 is divided by 28.
23
What is the remainder when 116 is divided by 44?
28
What is the remainder when 3156 is divided by 117?
114
What is the remainder when 1118 is divided by 28?
26
What is the remainder when 964 is divided by 69?
67
What is the remainder when 385 is divided by 15?
10
Calculate the remainder when 493 is divided by 73.
55
Calculate the remainder when 780 is divided by 67.
43
What is the remainder when 969 is divided by 58?
41
Calculate the remainder when 735 is divided by 8.
7
Calculate the remainder when 31 is divided by 4.
3
Calculate the remainder when 243 is divided by 122.
121
Calculate the remainder when 3236 is divided by 25.
11
Calculate the remainder when 116 is divided by 6.
2
What is the remainder when 624 is divided by 100?
24
What is the remainder when 1912 is divided by 405?
292
Calculate the remainder when 898 is divided by 45.
43
Calculate the remainder when 209 is divided by 3.
2
What is the remainder when 944 is divided by 106?
96
What is the remainder when 269 is divided by 16?
13
What is the remainder when 212 is divided by 166?
46
Calculate the remainder when 14829 is divided by 103.
100
What is the remainder when 227 is divided by 35?
17
What is the remainder when 2914 is divided by 11?
10
Calculate the remainder when 746 is divided by 17.
15
What is the remainder when 658 is divided by 25?
8
Calculate the remainder when 183 is divided by 157.
26
What is the remainder when 343 is divided by 58?
53
Calculate the remainder when 64 is divided by 2.
0
Calculate the remainder when 59 is divided by 15.
14
Calculate the remainder when 282 is divided by 76.
54
Calculate the remainder when 16 is divided by 11.
5
What is the remainder when 1217 is divided by 262?
169
Calculate the remainder when 282 is divided by 50.
32
What is the remainder when 1394 is divided by 10?
4
What is the remainder when 760 is divided by 58?
6
Calculate the remainder when 7 is divided by 7.
0
What is the remainder when 9132 is divided by 46?
24
Calculate the remainder when 374 is divided by 6.
2
Calculate the remainder when 152 is divided by 127.
25
Calculate the remainder when 254 is divided by 9.
2
Calculate the remainder when 1517 is divided by 10.
7
What is the remainder when 2439 is divided by 176?
151
Calculate the remainder when 1039 is divided by 181.
134
What is the remainder when 1899 is divided by 19?
18
What is the remainder when 17 is divided by 5?
2
Calculate the remainder when 864 is divided by 113.
73
Calculate the remainder when 255 is divided by 135.
120
Calculate the remainder when 1469 is divided by 1466.
3
What is the remainder when 211 is divided by 195?
16
What is the remainder when 524 is divided by 105?
104
What is the remainder when 503 is divided by 102?
95
What is the remainder when 151 is divided by 23?
13
What is the remainder when 3455 is divided by 690?
5
Calculate the remainder when 169 is divided by 34.
33
What is the remainder when 87 is divided by 36?
15
What is the remainder when 2967 is divided by 66?
63
Calculate the remainder when 376 is divided by 54.
52
What is the remainder when 391 is divided by 101?
88
What is the remainder when 558 is divided by 56?
54
What is the remainder when 10234 is divided by 18?
10
What is the remainder when 22 is divided by 4?
2
Calculate the remainder when 93 is divided by 72.
21
Calculate the remainder when 5090 is divided by 27.
14
What is the remainder when 1708 is divided by 38?
36
What is the remainder when 3 is divided by 3?
0
What is the remainder when 837 is divided by 4?
1
What is the remainder when 1453 is divided by 45?
13
What is the remainder when 762 is divided by 109?
108
Calculate the remainder when 40 is divided by 8.
0
What is the remainder when 1343 is divided by 14?
13
Calculate the remainder when 890 is divided by 414.
62
What is the remainder when 2651 is divided by 26?
25
Calculate the remainder when 3687 is divided by 735.
12
Calculate the remainder when 1721 is divided by 430.
1
Calculate the remainder when 237 is divided by 82.
73
Calculate the remainder when 804 is divided by 45.
39
What is the remainder when 723 is divided by 46?
33
What is the remainder when 2055 is divided by 209?
174
What is the remainder when 851 is divided by 14?
11
Calculate the remainder when 126 is divided by 17.
7
What is the remainder when 149 is divided by 54?
41
What is the remainder when 99 is divided by 22?
11
Calculate the remainder when 1059 is divided by 51.
39
Calculate the remainder when 384 is divided by 39.
33
What is the remainder when 13062 is divided by 4354?
0
What is the remainder when 459 is divided by 10?
9
What is the remainder when 293 is divided by 28?
13
Calculate the remainder when 1812 is divided by 33.
30
What is the remainder when 5070 is divided by 5069?
1
Calculate the remainder when 2566 is divided by 12.
10
Calculate the remainder when 37 is divided by 35.
2
Calculate the remainder when 9788 is divided by 178.
176
Calculate the remainder when 3259 is divided by 109.
98
What is the remainder when 265 is divided by 43?
7
What is the remainder when 215 is divided by 36?
35
What is the remainder when 426 is divided by 142?
0
What is the remainder when 44 is divided by 5?
4
Calculate the remainder when 62 is divided by 38.
24
Calculate the remainder when 808 is divided by 116.
112
Calculate the remainder when 352 is divided by 71.
68
What is the remainder when 548 is divided by 24?
20
Calculate the remainder when 91 is divided by 11.
3
What is the remainder when 74 is divided by 13?
9
Calculate the remainder when 2517 is divided by 35.
32
Calculate the remainder when 572 is divided by 185.
17
Calculate the remainder when 1406 is divided by 142.
128
Calculate the remainder when 1370 is divided by 23.
13
Calculate the remainder when 2918 is divided by 51.
11
What is the remainder when 372 is divided by 15?
12
Calculate the remainder when 29 is divided by 5.
4
What is the remainder when 165 is divided by 52?
9
What is the remainder when 122 is divided by 84?
38
What is the remainder when 81 is divided by 34?
13
Calculate the remainder when 712 is divided by 55.
52
Calculate the remainder when 5941 is divided by 9.
1
What is the remainder when 499 is divided by 53?
22
What is the remainder when 4881 is divided by 33?
30
Calculate the remainder when 6333 is divid